{"id":511,"date":"2021-03-11T09:52:48","date_gmt":"2021-03-11T09:52:48","guid":{"rendered":"https:\/\/guiesviaferratacaladelmoli.com\/?page_id=511"},"modified":"2021-03-11T10:07:07","modified_gmt":"2021-03-11T10:07:07","slug":"politica-de-privacidad-y-cookies","status":"publish","type":"page","link":"https:\/\/guiesviaferratacaladelmoli.com\/en\/politica-de-privacidad-y-cookies\/","title":{"rendered":"pol\u00edtica de privacidad y cookies"},"content":{"rendered":"<p>Esta \u00e9s la pol\u00edtica de privacidad y cookies de la p\u00e1gina guiesviaferratacadelmoli.com. Esta pol\u00edtica se rige y cumple los parametros de la RGPD ( Reglamento general de protecci\u00f3n de datos).<\/p>\n<p>Para informaci\u00f3n detallada sobre nuestra pol\u00edtica de tratamiento de datos, puede visitar nuestras siguientes p\u00e1ginas:<\/p>\n<p>. <a href=\"https:\/\/guiesviaferratacaladelmoli.com\/en\/avisos-legales\/\">Avisos legales<\/a><\/p>\n<p><a href=\"https:\/\/guiesviaferratacaladelmoli.com\/en\/politica-de-cookies\/\" target=\"_blank\" rel=\"noopener\">.Pol\u00edtica de Cookies<\/a><\/p>\n<p>.<a href=\"https:\/\/guiesviaferratacaladelmoli.com\/en\/politica-de-privacidad\/\" target=\"_blank\" rel=\"noopener\">Poil\u00edtica de privacidad<\/a><\/p>\n<p>En cumplimiento de lo establecido en la RGPD, le informamos que sus datos ser\u00e1n tratados en nuestros ficheros, con la finalidad del mantenimiento y cumplimiento de la relaci\u00f3n con nuestra entidad, incluyendo el env\u00edo de comunicaciones en el marco de la citada relaci\u00f3n.<\/p>\n<p>As\u00ed mismo, sus datos ser\u00e1n cedidos en todos aquellos casos en que sea necesario para el desarrollo, cumplimiento y control de la relaci\u00f3n con nuestra entidad o en los supuestos en que lo autorice una norma con rango de ley. En cumplimiento de la RGPD puede ejercitar sus derechos ARCO ante <strong>guiesviaferratacaladelmoli.com<\/strong>, con direcci\u00f3n en <strong>2 avinguda, 17250 &#8211; Castell d&#8217;Aro<\/strong>, adjuntando fotocopia de su DNI.<\/p>\n<p>El contenido de esta comunicaci\u00f3n, as\u00ed como el de toda la documentaci\u00f3n anexa, est\u00e1 sujeta al deber de secreto y va dirigida \u00fanicamente a su destinatario. En el supuesto de que usted no fuera el destinatario, le solicitamos que nos lo indique y no comunique su contenido a terceros, procediendo a su destrucci\u00f3n.<\/p>\n<p>El prestador de servicios de la sociedad de la informaci\u00f3n deber\u00e1 tener en cuenta que, adem\u00e1s de la informaci\u00f3n que facilite a los destinatarios del servicio a trav\u00e9s de su \u201cPol\u00edtica de Privacidad\u201d, deber\u00e1 disponer de textos legales adicionales relativos a otras normativas de obligado cumplimiento, tales como, sin car\u00e1cter limitativo o excluyente, condiciones generales de la contrataci\u00f3n, propiedad intelectual e industrial, condiciones de utilizaci\u00f3n de la p\u00e1gina web y responsabilidades al respecto, o lo que la propia Ley 34\/2002, de 11 de julio, de Servicios de la Sociedad de la Informaci\u00f3n y de Comercio Electr\u00f3nico pueda establecer en cualesquiera otros preceptos al margen de su art\u00edculo 10 o incluso completar la informaci\u00f3n que, en relaci\u00f3n a \u00e9ste, fuese necesaria.<\/p>\n","protected":false},"excerpt":{"rendered":"<p>Esta \u00e9s la pol\u00edtica de privacidad y cookies de la p\u00e1gina guiesviaferratacadelmoli.com. Esta pol\u00edtica se rige y cumple los parametros de la RGPD ( Reglamento general de protecci\u00f3n de datos). Para informaci\u00f3n detallada sobre nuestra pol\u00edtica de tratamiento de datos, puede visitar nuestras siguientes p\u00e1ginas: . Avisos legales .Pol\u00edtica de Cookies .Poil\u00edtica de privacidad En [&hellip;]<\/p>\n","protected":false},"author":1,"featured_media":0,"parent":0,"menu_order":0,"comment_status":"closed","ping_status":"closed","template":"","meta":{"_et_pb_use_builder":"","_et_pb_old_content":"","_et_gb_content_width":"","footnotes":""},"class_list":["post-511","page","type-page","status-publish","hentry"],"_links":{"self":[{"href":"https:\/\/guiesviaferratacaladelmoli.com\/en\/wp-json\/wp\/v2\/pages\/511","targetHints":{"allow":["GET"]}}],"collection":[{"href":"https:\/\/guiesviaferratacaladelmoli.com\/en\/wp-json\/wp\/v2\/pages"}],"about":[{"href":"https:\/\/guiesviaferratacaladelmoli.com\/en\/wp-json\/wp\/v2\/types\/page"}],"author":[{"embeddable":true,"href":"https:\/\/guiesviaferratacaladelmoli.com\/en\/wp-json\/wp\/v2\/users\/1"}],"replies":[{"embeddable":true,"href":"https:\/\/guiesviaferratacaladelmoli.com\/en\/wp-json\/wp\/v2\/comments?post=511"}],"version-history":[{"count":5,"href":"https:\/\/guiesviaferratacaladelmoli.com\/en\/wp-json\/wp\/v2\/pages\/511\/revisions"}],"predecessor-version":[{"id":523,"href":"https:\/\/guiesviaferratacaladelmoli.com\/en\/wp-json\/wp\/v2\/pages\/511\/revisions\/523"}],"wp:attachment":[{"href":"https:\/\/guiesviaferratacaladelmoli.com\/en\/wp-json\/wp\/v2\/media?parent=511"}],"curies":[{"name":"wp","href":"https:\/\/api.w.org\/{rel}","templated":true}]}}

política de privacidad y cookies

<p>Esta és la política de privacidad y cookies de la página guiesviaferratacadelmoli.com. Esta política se rige y cumple los parametros de la RGPD ( Reglamento general de protección de datos).</p>
<p>Para información detallada sobre nuestra política de tratamiento de datos, puede visitar nuestras siguientes páginas:</p>
<p>. <a href="https://guiesviaferratacaladelmoli.com/en/avisos-legales/">Avisos legales</a></p>
<p><a href="https://guiesviaferratacaladelmoli.com/en/politica-de-cookies/" target="_blank" rel="noopener">.Política de Cookies</a></p>
<p>.<a href="https://guiesviaferratacaladelmoli.com/en/politica-de-privacidad/" target="_blank" rel="noopener">Poilítica de privacidad</a></p>
<p>En cumplimiento de lo establecido en la RGPD, le informamos que sus datos serán tratados en nuestros ficheros, con la finalidad del mantenimiento y cumplimiento de la relación con nuestra entidad, incluyendo el envío de comunicaciones en el marco de la citada relación.</p>
<p>Así mismo, sus datos serán cedidos en todos aquellos casos en que sea necesario para el desarrollo, cumplimiento y control de la relación con nuestra entidad o en los supuestos en que lo autorice una norma con rango de ley. En cumplimiento de la RGPD puede ejercitar sus derechos ARCO ante <strong>guiesviaferratacaladelmoli.com</strong>, con dirección en <strong>2 avinguda, 17250 &#8211; Castell d&#8217;Aro</strong>, adjuntando fotocopia de su DNI.</p>
<p>El contenido de esta comunicación, así como el de toda la documentación anexa, está sujeta al deber de secreto y va dirigida únicamente a su destinatario. En el supuesto de que usted no fuera el destinatario, le solicitamos que nos lo indique y no comunique su contenido a terceros, procediendo a su destrucción.</p>
<p>El prestador de servicios de la sociedad de la información deberá tener en cuenta que, además de la información que facilite a los destinatarios del servicio a través de su “Política de Privacidad”, deberá disponer de textos legales adicionales relativos a otras normativas de obligado cumplimiento, tales como, sin carácter limitativo o excluyente, condiciones generales de la contratación, propiedad intelectual e industrial, condiciones de utilización de la página web y responsabilidades al respecto, o lo que la propia Ley 34/2002, de 11 de julio, de Servicios de la Sociedad de la Información y de Comercio Electrónico pueda establecer en cualesquiera otros preceptos al margen de su artículo 10 o incluso completar la información que, en relación a éste, fuese necesaria.</p>

<p>Esta és la política de privacidad y cookies de la página guiesviaferratacadelmoli.com. Esta política se rige y cumple los parametros de la RGPD ( Reglamento general de protección de datos). Para información detallada sobre nuestra política de tratamiento de datos, puede visitar nuestras siguientes páginas: . Avisos legales .Política de Cookies .Poilítica de privacidad En [&hellip;]</p>
